{"id":551,"date":"2020-10-28T11:38:14","date_gmt":"2020-10-28T10:38:14","guid":{"rendered":"http:\/\/lesbullesdelabaie.com\/belvedaire\/?page_id=551"},"modified":"2026-02-01T17:38:03","modified_gmt":"2026-02-01T16:38:03","slug":"le-gite-le-belvedaire","status":"publish","type":"page","link":"https:\/\/lesbullesdelabaie.com\/belvedere\/le-gite-le-belvedaire\/","title":{"rendered":"Le g\u00eete  \u00ab\u00a0Le Belv\u00e9d\u00e8re\u00a0\u00bb"},"content":{"rendered":"\n<p>Le g\u00eete <strong>Le Belv\u00e9d\u00e8re<\/strong> peut accueillir jusqu\u2019\u00e0 <strong>6 personnes<\/strong> et a \u00e9t\u00e9 pens\u00e9 pour offrir confort, convivialit\u00e9 et d\u00e9paysement, dans un cadre exceptionnel face au Mont-Saint-Michel.<\/p>\n\n\n\n<h4 class=\"wp-block-heading\"><strong>Au rez-de-chauss\u00e9e :<\/strong><\/h4>\n\n\n\n<p>Vous trouverez une <strong>cuisine moderne et parfaitement \u00e9quip\u00e9e<\/strong>, comprenant :<\/p>\n\n\n\n<ul class=\"wp-block-list\">\n<li>Plaque \u00e0 induction avec hotte<\/li>\n\n\n\n<li>Four et micro-ondes<\/li>\n\n\n\n<li>R\u00e9frig\u00e9rateur avec cong\u00e9lateur<\/li>\n\n\n\n<li>Lave-vaisselle<\/li>\n\n\n\n<li>Lave-linge<\/li>\n\n\n\n<li>Cafeti\u00e8re traditionnelle, bouilloire et grille-pain<\/li>\n\n\n\n<li>L\u2019ensemble des ustensiles n\u00e9cessaires pour cuisiner en toute autonomie<\/li>\n<\/ul>\n\n\n\n<p>Le <strong>coin salon \/ salle \u00e0 manger<\/strong>, chaleureux et convivial, dispose d\u2019un <strong>canap\u00e9 convertible avec v\u00e9ritable matelas<\/strong>, d\u2019un <strong>po\u00eale \u00e0 granul\u00e9s<\/strong> pour les soir\u00e9es plus fra\u00eeches, ainsi que d\u2019un <strong>\u00e9cran plat<\/strong>.<br>&#x27a1;&#xfe0f; <strong>Acc\u00e8s Wi-Fi gratuit<\/strong> dans tout le g\u00eete.<\/p>\n\n\n\n<h4 class=\"wp-block-heading\"><strong>\u00c0 l\u2019\u00e9tage :<\/strong><\/h4>\n\n\n\n<ul class=\"wp-block-list\">\n<li><strong>Deux chambres confortables<\/strong> :\n<ul class=\"wp-block-list\">\n<li>Une chambre avec <strong>lit King Size (180 \u00d7 200 cm)<\/strong><\/li>\n\n\n\n<li>Une chambre avec <strong>lit double (140 \u00d7 190 cm)<\/strong> et <strong>acc\u00e8s direct \u00e0 une terrasse offrant une vue imprenable sur le Mont-Saint-Michel<\/strong><\/li>\n<\/ul>\n<\/li>\n\n\n\n<li>Une <strong>salle de bain<\/strong> \u00e9quip\u00e9e d\u2019un lavabo, d\u2019une douche et d&rsquo;un WC<\/li>\n<\/ul>\n\n\n\n<h4 class=\"wp-block-heading\"><strong>\u00c0 l\u2019ext\u00e9rieur :<\/strong><\/h4>\n\n\n\n<ul class=\"wp-block-list\">\n<li><strong>Jardin privatif<\/strong> avec terrasse et mobilier de jardin, id\u00e9al pour les repas et moments de d\u00e9tente<\/li>\n\n\n\n<li><strong>Terrain de boules et table de Ping-Pong,<\/strong>  commun aux 3 g\u00eetes<\/li>\n\n\n\n<li><strong>Espace barbecue<\/strong><\/li>\n<\/ul>\n\n\n\n<p>&#x1f6ad; <strong>G\u00eete non-fumeur<\/strong><br>&#x1f43e; <strong>Animaux non admis<\/strong><\/p>\n\n\n\nngg_shortcode_0_placeholder\n","protected":false},"excerpt":{"rendered":"<p>Le g\u00eete Le Belv\u00e9d\u00e8re peut accueillir jusqu\u2019\u00e0 6 personnes et a \u00e9t\u00e9 pens\u00e9 pour offrir confort, convivialit\u00e9 et d\u00e9paysement, dans un cadre exceptionnel face au Mont-Saint-Michel. Au rez-de-chauss\u00e9e : Vous trouverez une cuisine moderne et parfaitement \u00e9quip\u00e9e, comprenant : Le coin salon \/ salle \u00e0 manger, chaleureux et convivial, dispose d\u2019un canap\u00e9 convertible avec v\u00e9ritable [&hellip;]<\/p>\n","protected":false},"author":1,"featured_media":0,"parent":0,"menu_order":0,"comment_status":"closed","ping_status":"closed","template":"","meta":{"ngg_post_thumbnail":0,"footnotes":""},"class_list":["post-551","page","type-page","status-publish","hentry"],"_links":{"self":[{"href":"https:\/\/lesbullesdelabaie.com\/belvedere\/wp-json\/wp\/v2\/pages\/551","targetHints":{"allow":["GET"]}}],"collection":[{"href":"https:\/\/lesbullesdelabaie.com\/belvedere\/wp-json\/wp\/v2\/pages"}],"about":[{"href":"https:\/\/lesbullesdelabaie.com\/belvedere\/wp-json\/wp\/v2\/types\/page"}],"author":[{"embeddable":true,"href":"https:\/\/lesbullesdelabaie.com\/belvedere\/wp-json\/wp\/v2\/users\/1"}],"replies":[{"embeddable":true,"href":"https:\/\/lesbullesdelabaie.com\/belvedere\/wp-json\/wp\/v2\/comments?post=551"}],"version-history":[{"count":10,"href":"https:\/\/lesbullesdelabaie.com\/belvedere\/wp-json\/wp\/v2\/pages\/551\/revisions"}],"predecessor-version":[{"id":867,"href":"https:\/\/lesbullesdelabaie.com\/belvedere\/wp-json\/wp\/v2\/pages\/551\/revisions\/867"}],"wp:attachment":[{"href":"https:\/\/lesbullesdelabaie.com\/belvedere\/wp-json\/wp\/v2\/media?parent=551"}],"curies":[{"name":"wp","href":"https:\/\/api.w.org\/{rel}","templated":true}]}}