{"id":485,"date":"2020-10-28T09:33:06","date_gmt":"2020-10-28T08:33:06","guid":{"rendered":"http:\/\/lesbullesdelabaie.com\/bullesdumont\/?page_id=485"},"modified":"2026-02-01T18:18:26","modified_gmt":"2026-02-01T17:18:26","slug":"le-gite","status":"publish","type":"page","link":"https:\/\/lesbullesdelabaie.com\/bullesdumont\/le-gite\/","title":{"rendered":"&#x1f3e1; Description du g\u00eete Les Bulles du Mont:"},"content":{"rendered":"\n<p><\/p>\n\n\n\n<p>Que vous voyagiez <strong>en couple, en famille ou entre amis<\/strong>, le g\u00eete <strong>Les Bulles du Mont<\/strong> peut accueillir <strong>de 2 \u00e0 5 personnes<\/strong> dans un cadre confortable et propice \u00e0 la d\u00e9tente.<\/p>\n\n\n\n<h4 class=\"wp-block-heading\"><strong>Au rez-de-chauss\u00e9e :<\/strong><\/h4>\n\n\n\n<p>Vous disposerez d\u2019une <strong>cuisine moderne et parfaitement \u00e9quip\u00e9e<\/strong>, comprenant :<\/p>\n\n\n\n<ul class=\"wp-block-list\">\n<li>Four<\/li>\n\n\n\n<li>Plaque \u00e0 induction<\/li>\n\n\n\n<li>R\u00e9frig\u00e9rateur avec petit cong\u00e9lateur<\/li>\n\n\n\n<li>Micro-ondes<\/li>\n\n\n\n<li>Lave-vaisselle<\/li>\n\n\n\n<li>Cafeti\u00e8re Senseo<\/li>\n\n\n\n<li>Cafeti\u00e8re traditionnelle<\/li>\n\n\n\n<li>Bouilloire<\/li>\n\n\n\n<li>Grille-pain<\/li>\n\n\n\n<li>Tous les ustensiles n\u00e9cessaires \u00e0 la pr\u00e9paration de vos repas<\/li>\n<\/ul>\n\n\n\n<p>Un <strong>espace salon convivial<\/strong>, avec canap\u00e9 confortable et <strong>\u00e9cran plat<\/strong>, vous permettra de partager des moments de d\u00e9tente.<\/p>\n\n\n\n<p>Vous trouverez \u00e9galement une <strong>salle de bain<\/strong> \u00e9quip\u00e9e d\u2019une <strong>double douche \u00e0 l\u2019italienne<\/strong> (s\u00e8che-cheveux inclus), donnant <strong>un acc\u00e8s direct \u00e0 un SPA privatif 5 personnes<\/strong>, ouvert <strong>toute l\u2019ann\u00e9e<\/strong> et exclusivement r\u00e9serv\u00e9 au g\u00eete.<\/p>\n\n\n\n<p>WC ind\u00e9pendant.<br><strong>Acc\u00e8s Wi-Fi gratuit<\/strong>.<\/p>\n\n\n\n<h4 class=\"wp-block-heading\"><strong>\u00c0 l\u2019\u00e9tage :<\/strong><\/h4>\n\n\n\n<p>Le g\u00eete dispose de <strong>3 chambres soigneusement am\u00e9nag\u00e9es<\/strong> :<\/p>\n\n\n\n<ul class=\"wp-block-list\">\n<li>Une chambre avec <strong>lit King Size (180 \u00d7 200 cm)<\/strong>, <strong>sofa tantrique<\/strong> et espace toilette (vasque et miroir)<\/li>\n\n\n\n<li>Une chambre avec <strong>lit double 140 \u00d7 200 cm<\/strong><\/li>\n\n\n\n<li>Une troisi\u00e8me chambre avec <strong>lit simple 90 \u00d7 190 cm<\/strong> et sa coiffeuse<\/li>\n<\/ul>\n\n\n\n<h4 class=\"wp-block-heading\"><strong>\u00c0 l\u2019ext\u00e9rieur :<\/strong><\/h4>\n\n\n\n<p>Vous profiterez d\u2019un <strong>jardin privatif<\/strong> avec <strong>terrasse et mobilier de jardin<\/strong>, id\u00e9al pour les beaux jours.<\/p>\n\n\n\n<p>Un <strong>terrain de boules, une table de ping-pong<\/strong> et un <strong>barbecue<\/strong>, communs aux <strong>4 g\u00eetes<\/strong>, sont \u00e9galement \u00e0 votre disposition pour des moments conviviaux en plein air.<\/p>\n\n\n\nngg_shortcode_0_placeholder\n","protected":false},"excerpt":{"rendered":"<p>Que vous voyagiez en couple, en famille ou entre amis, le g\u00eete Les Bulles du Mont peut accueillir de 2 \u00e0 5 personnes dans un cadre confortable et propice \u00e0 la d\u00e9tente. Au rez-de-chauss\u00e9e : Vous disposerez d\u2019une cuisine moderne et parfaitement \u00e9quip\u00e9e, comprenant : Un espace salon convivial, avec canap\u00e9 confortable et \u00e9cran plat, [&hellip;]<\/p>\n","protected":false},"author":1,"featured_media":0,"parent":0,"menu_order":0,"comment_status":"closed","ping_status":"closed","template":"","meta":{"ngg_post_thumbnail":0,"footnotes":""},"class_list":["post-485","page","type-page","status-publish","hentry"],"_links":{"self":[{"href":"https:\/\/lesbullesdelabaie.com\/bullesdumont\/wp-json\/wp\/v2\/pages\/485","targetHints":{"allow":["GET"]}}],"collection":[{"href":"https:\/\/lesbullesdelabaie.com\/bullesdumont\/wp-json\/wp\/v2\/pages"}],"about":[{"href":"https:\/\/lesbullesdelabaie.com\/bullesdumont\/wp-json\/wp\/v2\/types\/page"}],"author":[{"embeddable":true,"href":"https:\/\/lesbullesdelabaie.com\/bullesdumont\/wp-json\/wp\/v2\/users\/1"}],"replies":[{"embeddable":true,"href":"https:\/\/lesbullesdelabaie.com\/bullesdumont\/wp-json\/wp\/v2\/comments?post=485"}],"version-history":[{"count":10,"href":"https:\/\/lesbullesdelabaie.com\/bullesdumont\/wp-json\/wp\/v2\/pages\/485\/revisions"}],"predecessor-version":[{"id":937,"href":"https:\/\/lesbullesdelabaie.com\/bullesdumont\/wp-json\/wp\/v2\/pages\/485\/revisions\/937"}],"wp:attachment":[{"href":"https:\/\/lesbullesdelabaie.com\/bullesdumont\/wp-json\/wp\/v2\/media?parent=485"}],"curies":[{"name":"wp","href":"https:\/\/api.w.org\/{rel}","templated":true}]}}