{"id":87,"date":"2019-01-08T20:04:24","date_gmt":"2019-01-08T19:04:24","guid":{"rendered":"http:\/\/lesbullesdelabaie.com\/emeraude\/?page_id=87"},"modified":"2026-02-01T18:20:36","modified_gmt":"2026-02-01T17:20:36","slug":"le-gite","status":"publish","type":"page","link":"https:\/\/lesbullesdelabaie.com\/emeraude\/le-gite\/","title":{"rendered":"Le g\u00eete"},"content":{"rendered":"\n<p>Vous souhaitez passer un week-end en amoureux, en famille ou entre amis, le gite \u00ab&nbsp;Les bulles d\u2019Emeraude peut accueillir 4 personnes. Il est compos\u00e9 de&nbsp;:<\/p>\n\n\n\n<ul class=\"wp-block-list\">\n<li><strong>Une chambre avec un lit King Size de 180\u00d7200 cm<\/strong>\u00a0et un \u00e9cran plat. Les draps sont inclus dans le prix de la location.<\/li>\n\n\n\n<li><strong>Une cuisine \u00e9quip\u00e9e<\/strong>\u00a0comprenant:\n<ul class=\"wp-block-list\">\n<li>un four<\/li>\n\n\n\n<li>une plaque \u00e0 induction<\/li>\n\n\n\n<li>un r\u00e9frig\u00e9rateur avec un petit cong\u00e9lateur<\/li>\n\n\n\n<li>un micro-onde<\/li>\n\n\n\n<li>un lave vaisselle<\/li>\n\n\n\n<li>un lave linge<\/li>\n\n\n\n<li>une cafeti\u00e8re Senseo<\/li>\n\n\n\n<li>une cafeti\u00e8re traditionnelle<\/li>\n\n\n\n<li>une bouilloire<\/li>\n\n\n\n<li>un grille pain<\/li>\n\n\n\n<li>tous les ustensiles n\u00e9cessaires de cuisine<\/li>\n<\/ul>\n<\/li>\n\n\n\n<li>Un coin\u00a0<strong>salon<\/strong>\u00a0avec un \u00e9cran plat et un\u00a0<strong>canap\u00e9 convertible confortable.<\/strong><\/li>\n\n\n\n<li><strong>Une salle de bain avec une douche \u00e0 l\u2019italienne et WC<\/strong>\u00a0(s\u00e8che-cheveux inclus).<\/li>\n\n\n\n<li>Acc\u00e8s\u00a0<strong>Wifi<\/strong>\u00a0gratuit.<\/li>\n\n\n\n<li>Un SPA 5 personnes ouvert toute l\u2019ann\u00e9e et privatif au gite.<\/li>\n\n\n\n<li>Une terrasse couverte priv\u00e9e avec mobilier de jardin.<\/li>\n\n\n\n<li>G\u00eete non-fumeur\u00a0: une terrasse couverte est pr\u00e9vue \u00e0 cet effet.<\/li>\n\n\n\n<li>Animaux non admis<\/li>\n<\/ul>\n\n\n\nngg_shortcode_0_placeholder\n","protected":false},"excerpt":{"rendered":"<p>Vous souhaitez passer un week-end en amoureux, en famille ou entre amis, le gite \u00ab&nbsp;Les bulles d\u2019Emeraude peut accueillir 4 personnes. Il est compos\u00e9 de&nbsp;:<\/p>\n","protected":false},"author":1,"featured_media":0,"parent":0,"menu_order":0,"comment_status":"closed","ping_status":"closed","template":"","meta":{"ngg_post_thumbnail":0,"footnotes":""},"class_list":["post-87","page","type-page","status-publish","hentry"],"_links":{"self":[{"href":"https:\/\/lesbullesdelabaie.com\/emeraude\/wp-json\/wp\/v2\/pages\/87","targetHints":{"allow":["GET"]}}],"collection":[{"href":"https:\/\/lesbullesdelabaie.com\/emeraude\/wp-json\/wp\/v2\/pages"}],"about":[{"href":"https:\/\/lesbullesdelabaie.com\/emeraude\/wp-json\/wp\/v2\/types\/page"}],"author":[{"embeddable":true,"href":"https:\/\/lesbullesdelabaie.com\/emeraude\/wp-json\/wp\/v2\/users\/1"}],"replies":[{"embeddable":true,"href":"https:\/\/lesbullesdelabaie.com\/emeraude\/wp-json\/wp\/v2\/comments?post=87"}],"version-history":[{"count":9,"href":"https:\/\/lesbullesdelabaie.com\/emeraude\/wp-json\/wp\/v2\/pages\/87\/revisions"}],"predecessor-version":[{"id":863,"href":"https:\/\/lesbullesdelabaie.com\/emeraude\/wp-json\/wp\/v2\/pages\/87\/revisions\/863"}],"wp:attachment":[{"href":"https:\/\/lesbullesdelabaie.com\/emeraude\/wp-json\/wp\/v2\/media?parent=87"}],"curies":[{"name":"wp","href":"https:\/\/api.w.org\/{rel}","templated":true}]}}