{"id":558,"date":"2020-10-28T11:40:32","date_gmt":"2020-10-28T10:40:32","guid":{"rendered":"http:\/\/lesbullesdelabaie.com\/laroze\/?page_id=558"},"modified":"2026-02-01T17:01:23","modified_gmt":"2026-02-01T16:01:23","slug":"accueil-la-roze","status":"publish","type":"page","link":"https:\/\/lesbullesdelabaie.com\/laroze\/","title":{"rendered":"Accueil &#8211; La Roz&rsquo;e"},"content":{"rendered":"\n<p class=\"has-text-align-center has-large-font-size\"><strong>G\u00eete 2 \u00e0 4 Personnes:<\/strong><\/p>\n\n\n\n<p class=\"has-text-align-center has-large-font-size\"><strong> \u00ab\u00a0La Roz&rsquo;e\u00a0\u00bb<\/strong><\/p>\n\n\n\n<p class=\"has-text-align-center has-medium-font-size\"><\/p>\n\n\n\n<p class=\"has-text-align-center has-vivid-red-color has-text-color has-medium-font-size\"><\/p>\n\n\n\nngg_shortcode_0_placeholder\n\n\n\n<h2 class=\"wp-block-heading\"><a href=\"http:\/\/lesbullesdelabaie.com\/aux-alentours\/\" target=\"_blank\" rel=\"noreferrer noopener\">Accueil :<\/a><\/h2>\n\n\n\n<p><strong>Description &amp; \u00e9quipements du g\u00eete<\/strong><\/p>\n\n\n\n<p>Le g\u00eete <strong>La Roz\u2019e<\/strong> est un <strong>g\u00eete cosy \u00e0 taille humaine<\/strong>, d\u2019environ <strong>50 m\u00b2<\/strong>, soigneusement d\u00e9cor\u00e9 et pens\u00e9 pour offrir une <strong>ambiance chaleureuse, confortable et apaisante<\/strong>.<\/p>\n\n\n\n<p>Au <strong>rez-de-chauss\u00e9e<\/strong>, le g\u00eete se compose :<\/p>\n\n\n\n<ul class=\"wp-block-list\">\n<li>d\u2019une <strong>entr\u00e9e avec placard<\/strong>,<\/li>\n\n\n\n<li>d\u2019une <strong>cuisine parfaitement \u00e9quip\u00e9e<\/strong>, fonctionnelle et de qualit\u00e9,<\/li>\n\n\n\n<li>d\u2019un <strong>WC ind\u00e9pendant<\/strong>,<\/li>\n\n\n\n<li>d\u2019un <strong>salon agr\u00e9able<\/strong>, \u00e9quip\u00e9 d\u2019un <strong>canap\u00e9 convertible grand format<\/strong>, permettant d\u2019accueillir confortablement deux couchages suppl\u00e9mentaires.<\/li>\n<\/ul>\n\n\n\n<p>\u00c0 l\u2019<strong>\u00e9tage<\/strong>, vous trouverez :<\/p>\n\n\n\n<ul class=\"wp-block-list\">\n<li>une <strong>grande chambre confortable<\/strong>, avec un <strong>lit king size (180 \u00d7 200 cm)<\/strong>,<\/li>\n\n\n\n<li>une <strong>salle de bain moderne<\/strong>, \u00e9quip\u00e9e d\u2019une <strong>grande douche \u00e0 l\u2019italienne<\/strong>, d\u2019une <strong>vasque<\/strong> et d\u2019un <strong>WC<\/strong>.<\/li>\n<\/ul>\n\n\n\n<p>L\u2019ensemble du g\u00eete permet d\u2019accueillir <strong>de 2 \u00e0 4 personnes<\/strong>, que ce soit pour un s\u00e9jour en couple, une escapade \u00e0 deux ou un court s\u00e9jour en famille.<\/p>\n\n\n\n<p>Chaque espace a \u00e9t\u00e9 <strong>pens\u00e9 avec soin<\/strong>, dans une atmosph\u00e8re douce et cosy, propice \u00e0 la d\u00e9tente et au repos, aussi bien pour un <strong>court s\u00e9jour<\/strong> que pour <strong>plusieurs nuits<\/strong> en baie du Mont-Saint-Michel.<\/p>\n\n\n<div class=\"wp-block-image\">\n<figure class=\"aligncenter size-large\"><img loading=\"lazy\" decoding=\"async\" width=\"1024\" height=\"768\" src=\"http:\/\/lesbullesdelabaie.com\/laroze\/wp-content\/uploads\/sites\/3\/2021\/12\/20211205_152114-1024x768.jpg\" alt=\"\" class=\"wp-image-762\" srcset=\"https:\/\/lesbullesdelabaie.com\/laroze\/wp-content\/uploads\/sites\/3\/2021\/12\/20211205_152114-1024x768.jpg 1024w, https:\/\/lesbullesdelabaie.com\/laroze\/wp-content\/uploads\/sites\/3\/2021\/12\/20211205_152114-300x225.jpg 300w, https:\/\/lesbullesdelabaie.com\/laroze\/wp-content\/uploads\/sites\/3\/2021\/12\/20211205_152114-768x576.jpg 768w, https:\/\/lesbullesdelabaie.com\/laroze\/wp-content\/uploads\/sites\/3\/2021\/12\/20211205_152114-1536x1152.jpg 1536w, https:\/\/lesbullesdelabaie.com\/laroze\/wp-content\/uploads\/sites\/3\/2021\/12\/20211205_152114-2048x1536.jpg 2048w, https:\/\/lesbullesdelabaie.com\/laroze\/wp-content\/uploads\/sites\/3\/2021\/12\/20211205_152114-1020x765.jpg 1020w\" sizes=\"auto, (max-width: 1024px) 100vw, 1024px\" \/><\/figure>\n<\/div>\n\n\n<p class=\"has-text-align-center\">Le g\u00eete est rapide d\u2019<a aria-label=\"acc\u00e8s (s\u2019ouvre dans un nouvel onglet)\" rel=\"noreferrer noopener\" href=\"http:\/\/lesbullesdelabaie.com\/contact\/\" target=\"_blank\">acc\u00e8s<\/a>&nbsp;: 1 heure de Rennes ; 1h10 de St Brieuc ; 2h20 de Nantes ; 1h20 de Caen<\/p>\n\n\n\n<p class=\"has-text-align-center\">Location \u00e0 la nuit\u00e9e possible sur demande.<\/p>\n","protected":false},"excerpt":{"rendered":"<p>G\u00eete 2 \u00e0 4 Personnes: \u00ab\u00a0La Roz&rsquo;e\u00a0\u00bb Accueil : Description &amp; \u00e9quipements du g\u00eete Le g\u00eete La Roz\u2019e est un g\u00eete cosy \u00e0 taille humaine, d\u2019environ 50 m\u00b2, soigneusement d\u00e9cor\u00e9 et pens\u00e9 pour offrir une ambiance chaleureuse, confortable et apaisante. Au rez-de-chauss\u00e9e, le g\u00eete se compose : \u00c0 l\u2019\u00e9tage, vous trouverez : L\u2019ensemble du g\u00eete [&hellip;]<\/p>\n","protected":false},"author":1,"featured_media":0,"parent":0,"menu_order":0,"comment_status":"closed","ping_status":"closed","template":"","meta":{"ngg_post_thumbnail":0,"footnotes":""},"class_list":["post-558","page","type-page","status-publish","hentry"],"_links":{"self":[{"href":"https:\/\/lesbullesdelabaie.com\/laroze\/wp-json\/wp\/v2\/pages\/558","targetHints":{"allow":["GET"]}}],"collection":[{"href":"https:\/\/lesbullesdelabaie.com\/laroze\/wp-json\/wp\/v2\/pages"}],"about":[{"href":"https:\/\/lesbullesdelabaie.com\/laroze\/wp-json\/wp\/v2\/types\/page"}],"author":[{"embeddable":true,"href":"https:\/\/lesbullesdelabaie.com\/laroze\/wp-json\/wp\/v2\/users\/1"}],"replies":[{"embeddable":true,"href":"https:\/\/lesbullesdelabaie.com\/laroze\/wp-json\/wp\/v2\/comments?post=558"}],"version-history":[{"count":8,"href":"https:\/\/lesbullesdelabaie.com\/laroze\/wp-json\/wp\/v2\/pages\/558\/revisions"}],"predecessor-version":[{"id":851,"href":"https:\/\/lesbullesdelabaie.com\/laroze\/wp-json\/wp\/v2\/pages\/558\/revisions\/851"}],"wp:attachment":[{"href":"https:\/\/lesbullesdelabaie.com\/laroze\/wp-json\/wp\/v2\/media?parent=558"}],"curies":[{"name":"wp","href":"https:\/\/api.w.org\/{rel}","templated":true}]}}