{"id":562,"date":"2020-10-28T12:01:47","date_gmt":"2020-10-28T11:01:47","guid":{"rendered":"http:\/\/lesbullesdelabaie.com\/laroze\/?page_id=562"},"modified":"2025-03-02T09:00:56","modified_gmt":"2025-03-02T08:00:56","slug":"le-gite","status":"publish","type":"page","link":"https:\/\/lesbullesdelabaie.com\/laroze\/le-gite\/","title":{"rendered":"Le g\u00eete"},"content":{"rendered":"\n<p class=\"has-text-align-center\">Besoin d&rsquo;une pause, d&rsquo;une parenth\u00e8se de douceur, d&rsquo;une\nescapade romantique&nbsp;!<\/p>\n\n\n\n<p class=\"has-text-align-center\">Besoin de vous d\u00e9tendre, de passer un moment \u00e0 2 ou de\nvous \u00e9vader le temps d&rsquo;un week-end&nbsp;!<\/p>\n\n\n\n<p class=\"has-text-align-center\">Le g\u00eete<strong> \u00ab&nbsp;La Roz&rsquo;e&nbsp;\u00bb<\/strong> est l&rsquo;endroit id\u00e9al pour r\u00e9aliser ces moments inoubliables qui resteront grav\u00e9s \u00e0 jamais dans vos m\u00e9moires et dans vos c\u0153urs.<\/p>\n\n\n\n<p class=\"has-text-align-center\">&nbsp;&nbsp;&nbsp;&nbsp;&nbsp;&nbsp;&nbsp; Venez\nd\u00e9couvrir ce cocon d\u2019exception, \u00e9l\u00e9gant et chaleureux, enti\u00e8rement neuf, au\nsein d&rsquo;une campagne verdoyante, dans une parfaite intimit\u00e9&nbsp;!<\/p>\n\n\n\n<p class=\"has-text-align-center\">&nbsp;&nbsp;&nbsp;&nbsp;&nbsp;&nbsp;&nbsp; Vous pourrez \u00e9galement profiter d&rsquo;une cuisine tout \u00e9quip\u00e9e pour savourer de d\u00e9licieux repas, d&rsquo;un coin salon avec \u00e9cran plat et canap\u00e9 convertible&nbsp;; d&rsquo;une grande douche \u00e0 l&rsquo;italienne et d&rsquo;une chambre d\u00e9cor\u00e9e avec go\u00fbt compos\u00e9e d&rsquo;un lit King Size (180x200cm) et de lumi\u00e8res tamis\u00e9es&#8230;et pour finir profiter d&rsquo;un jardin privatif avec mobilier de jardin et une terrasse couverte.<\/p>\n\n\n\nngg_shortcode_0_placeholder\n","protected":false},"excerpt":{"rendered":"<p>Besoin d&rsquo;une pause, d&rsquo;une parenth\u00e8se de douceur, d&rsquo;une escapade romantique&nbsp;! Besoin de vous d\u00e9tendre, de passer un moment \u00e0 2 ou de vous \u00e9vader le temps d&rsquo;un week-end&nbsp;! Le g\u00eete \u00ab&nbsp;La Roz&rsquo;e&nbsp;\u00bb est l&rsquo;endroit id\u00e9al pour r\u00e9aliser ces moments inoubliables qui resteront grav\u00e9s \u00e0 jamais dans vos m\u00e9moires et dans vos c\u0153urs. &nbsp;&nbsp;&nbsp;&nbsp;&nbsp;&nbsp;&nbsp; Venez d\u00e9couvrir [&hellip;]<\/p>\n","protected":false},"author":1,"featured_media":0,"parent":0,"menu_order":0,"comment_status":"closed","ping_status":"closed","template":"","meta":{"ngg_post_thumbnail":0,"footnotes":""},"class_list":["post-562","page","type-page","status-publish","hentry"],"_links":{"self":[{"href":"https:\/\/lesbullesdelabaie.com\/laroze\/wp-json\/wp\/v2\/pages\/562","targetHints":{"allow":["GET"]}}],"collection":[{"href":"https:\/\/lesbullesdelabaie.com\/laroze\/wp-json\/wp\/v2\/pages"}],"about":[{"href":"https:\/\/lesbullesdelabaie.com\/laroze\/wp-json\/wp\/v2\/types\/page"}],"author":[{"embeddable":true,"href":"https:\/\/lesbullesdelabaie.com\/laroze\/wp-json\/wp\/v2\/users\/1"}],"replies":[{"embeddable":true,"href":"https:\/\/lesbullesdelabaie.com\/laroze\/wp-json\/wp\/v2\/comments?post=562"}],"version-history":[{"count":4,"href":"https:\/\/lesbullesdelabaie.com\/laroze\/wp-json\/wp\/v2\/pages\/562\/revisions"}],"predecessor-version":[{"id":724,"href":"https:\/\/lesbullesdelabaie.com\/laroze\/wp-json\/wp\/v2\/pages\/562\/revisions\/724"}],"wp:attachment":[{"href":"https:\/\/lesbullesdelabaie.com\/laroze\/wp-json\/wp\/v2\/media?parent=562"}],"curies":[{"name":"wp","href":"https:\/\/api.w.org\/{rel}","templated":true}]}}