{"id":547,"date":"2020-10-28T11:35:18","date_gmt":"2020-10-28T10:35:18","guid":{"rendered":"http:\/\/lesbullesdelabaie.com\/belvedaire\/?page_id=547"},"modified":"2026-02-01T12:50:35","modified_gmt":"2026-02-01T11:50:35","slug":"accueil-le-belvedaire","status":"publish","type":"page","link":"https:\/\/lesbullesdelabaie.com\/saintrevert\/","title":{"rendered":"Accueil"},"content":{"rendered":"\n<p class=\"has-text-align-center has-large-font-size\"><strong>Bienvenue sur le site du g\u00eete<\/strong><\/p>\n\n\n\n<p class=\"has-text-align-center has-large-font-size\"><strong> \u00ab<\/strong> <strong>Le Saint Revert<\/strong> \u00bb<\/p>\n\n\n\n<p class=\"has-text-align-center has-medium-font-size\"><strong>Situ\u00e9 \u00e0 Roz-sur-Couesnon.<\/strong> <\/p>\n\n\n\n<p class=\"has-text-align-center\">\u00ab&nbsp;Entre Saint Malo et le Mont Saint Michel&nbsp;\u00bb<\/p>\n\n\n\n<p class=\"has-text-align-center has-vivid-red-color has-text-color has-medium-font-size\"><strong>G\u00eete pour 4 personnes avec SPA privatif<\/strong>, <strong>2 chambres<\/strong><\/p>\n\n\n\nngg_shortcode_0_placeholder\n\n\n\n<figure class=\"wp-block-image size-large\"><img loading=\"lazy\" decoding=\"async\" width=\"1024\" height=\"768\" src=\"http:\/\/lesbullesdelabaie.com\/saintrevert\/wp-content\/uploads\/sites\/8\/2025\/02\/spa4-1024x768.jpg\" alt=\"\" class=\"wp-image-908\" srcset=\"https:\/\/lesbullesdelabaie.com\/saintrevert\/wp-content\/uploads\/sites\/8\/2025\/02\/spa4-1024x768.jpg 1024w, https:\/\/lesbullesdelabaie.com\/saintrevert\/wp-content\/uploads\/sites\/8\/2025\/02\/spa4-300x225.jpg 300w, https:\/\/lesbullesdelabaie.com\/saintrevert\/wp-content\/uploads\/sites\/8\/2025\/02\/spa4-768x576.jpg 768w, https:\/\/lesbullesdelabaie.com\/saintrevert\/wp-content\/uploads\/sites\/8\/2025\/02\/spa4-1536x1152.jpg 1536w, https:\/\/lesbullesdelabaie.com\/saintrevert\/wp-content\/uploads\/sites\/8\/2025\/02\/spa4-1020x765.jpg 1020w, https:\/\/lesbullesdelabaie.com\/saintrevert\/wp-content\/uploads\/sites\/8\/2025\/02\/spa4.jpg 1600w\" sizes=\"auto, (max-width: 1024px) 100vw, 1024px\" \/><\/figure>\n\n\n\n<p>D\u00e9couvrez <strong>Le Saint-Revert<\/strong>, un g\u00eete de caract\u00e8re pour <strong>4 personnes<\/strong>, situ\u00e9 \u00e0 <strong>Roz-sur-Couesnon<\/strong>, entre <strong>Saint-Malo et le Mont-Saint-Michel<\/strong>.<br>Enti\u00e8rement r\u00e9nov\u00e9 avec soin, ce g\u00eete allie le <strong>charme de la pierre<\/strong> \u00e0 des <strong>prestations de qualit\u00e9<\/strong>, dans un environnement calme et reposant. Une attention particuli\u00e8re est port\u00e9e \u00e0 la <strong>propret\u00e9 et \u00e0 l\u2019hygi\u00e8ne<\/strong>, afin de vous garantir un s\u00e9jour serein d\u00e8s votre arriv\u00e9e.<\/p>\n\n\n\n<blockquote class=\"wp-block-quote is-layout-flow wp-block-quote-is-layout-flow\">\n<p>Le g\u00eete se compose de <strong>deux chambres confortables<\/strong>, chacune pens\u00e9e pour votre bien-\u00eatre avec chacune un lit king size de 180 x 200, ainsi que de <strong>deux salles d\u2019eau avec douche<\/strong>, offrant un confort optimal, notamment pour les s\u00e9jours \u00e0 deux couples ou en famille.<br>La <strong>cuisine de qualit\u00e9<\/strong>, moderne et <strong>parfaitement \u00e9quip\u00e9e<\/strong>, vous permet de cuisiner facilement comme \u00e0 la maison, que ce soit pour un petit-d\u00e9jeuner tranquille ou un d\u00eener apr\u00e8s une journ\u00e9e de d\u00e9couverte.<\/p>\n<\/blockquote>\n\n\n\n<blockquote class=\"wp-block-quote is-layout-flow wp-block-quote-is-layout-flow\">\n<p>V\u00e9ritable atout du Saint-Revert : un <strong>spa int\u00e9rieur privatif 5 places<\/strong>, accessible en illimit\u00e9. Haut de gamme, il est \u00e9quip\u00e9 d\u2019un <strong>syst\u00e8me de r\u00e9gulation automatique du pH et du chlore<\/strong>, garantissant une <strong>qualit\u00e9 d\u2019eau optimale<\/strong> et un confort d\u2019utilisation exceptionnel, \u00e9t\u00e9 comme hiver. Un <strong>jardin privatif<\/strong> compl\u00e8te l\u2019ensemble pour profiter pleinement des beaux jours.<\/p>\n<\/blockquote>\n\n\n\n<blockquote class=\"wp-block-quote is-layout-flow wp-block-quote-is-layout-flow\">\n<p>\u00c0 seulement <strong>10 km du Mont-Saint-Michel<\/strong>, Le Saint-Revert b\u00e9n\u00e9ficie d\u2019un emplacement id\u00e9al pour d\u00e9couvrir les incontournables de la r\u00e9gion : <strong>Cancale, Saint-Malo, Dinard, Dinan, la baie du Mont-Saint-Michel, Dol-de-Bretagne<\/strong>, ainsi que les sentiers c\u00f4tiers du <strong>GR34<\/strong>.<\/p>\n<\/blockquote>\n\n\n\n<blockquote class=\"wp-block-quote is-layout-flow wp-block-quote-is-layout-flow\">\n<p>Que ce soit pour un <strong>week-end en amoureux<\/strong>, une <strong>parenth\u00e8se bien-\u00eatre<\/strong>, ou des <strong>vacances en famille<\/strong>, Le Saint-Revert vous offre un cadre privil\u00e9gi\u00e9 m\u00ealant <strong>confort, qualit\u00e9 et d\u00e9tente<\/strong>.<br><strong>R\u00e9servez d\u00e8s maintenant<\/strong> et offrez-vous une exp\u00e9rience authentique et ressour\u00e7ante en Bretagne.<\/p>\n<\/blockquote>\n\n\n\n<p><strong>Contactez B\u00e9atrice et Julien<\/strong> au <strong>06 49 80 18 57<\/strong> ou par mail \u00e0 <strong><a>lesbullesdelabaie@gmail.com<\/a><\/strong> pour plus d\u2019informations ou pour r\u00e9server votre s\u00e9jour.<\/p>\n","protected":false},"excerpt":{"rendered":"<p>Bienvenue sur le site du g\u00eete \u00ab Le Saint Revert \u00bb Situ\u00e9 \u00e0 Roz-sur-Couesnon. \u00ab&nbsp;Entre Saint Malo et le Mont Saint Michel&nbsp;\u00bb G\u00eete pour 4 personnes avec SPA privatif, 2 chambres D\u00e9couvrez Le Saint-Revert, un g\u00eete de caract\u00e8re pour 4 personnes, situ\u00e9 \u00e0 Roz-sur-Couesnon, entre Saint-Malo et le Mont-Saint-Michel.Enti\u00e8rement r\u00e9nov\u00e9 avec soin, ce g\u00eete allie [&hellip;]<\/p>\n","protected":false},"author":1,"featured_media":0,"parent":0,"menu_order":0,"comment_status":"closed","ping_status":"closed","template":"","meta":{"ngg_post_thumbnail":0,"footnotes":""},"class_list":["post-547","page","type-page","status-publish","hentry"],"_links":{"self":[{"href":"https:\/\/lesbullesdelabaie.com\/saintrevert\/wp-json\/wp\/v2\/pages\/547","targetHints":{"allow":["GET"]}}],"collection":[{"href":"https:\/\/lesbullesdelabaie.com\/saintrevert\/wp-json\/wp\/v2\/pages"}],"about":[{"href":"https:\/\/lesbullesdelabaie.com\/saintrevert\/wp-json\/wp\/v2\/types\/page"}],"author":[{"embeddable":true,"href":"https:\/\/lesbullesdelabaie.com\/saintrevert\/wp-json\/wp\/v2\/users\/1"}],"replies":[{"embeddable":true,"href":"https:\/\/lesbullesdelabaie.com\/saintrevert\/wp-json\/wp\/v2\/comments?post=547"}],"version-history":[{"count":20,"href":"https:\/\/lesbullesdelabaie.com\/saintrevert\/wp-json\/wp\/v2\/pages\/547\/revisions"}],"predecessor-version":[{"id":960,"href":"https:\/\/lesbullesdelabaie.com\/saintrevert\/wp-json\/wp\/v2\/pages\/547\/revisions\/960"}],"wp:attachment":[{"href":"https:\/\/lesbullesdelabaie.com\/saintrevert\/wp-json\/wp\/v2\/media?parent=547"}],"curies":[{"name":"wp","href":"https:\/\/api.w.org\/{rel}","templated":true}]}}

<p class="has-text-align-center has-large-font-size"><strong>Bienvenue sur le site du gîte</strong></p>



<p class="has-text-align-center has-large-font-size"><strong> «</strong> <strong>Le Saint Revert</strong> »</p>



<p class="has-text-align-center has-medium-font-size"><strong>Situé à Roz-sur-Couesnon.</strong> </p>



<p class="has-text-align-center">«&nbsp;Entre Saint Malo et le Mont Saint Michel&nbsp;»</p>



<p class="has-text-align-center has-vivid-red-color has-text-color has-medium-font-size"><strong>Gîte pour 4 personnes avec SPA privatif</strong>, <strong>2 chambres</strong></p>



ngg_shortcode_0_placeholder



<figure class="wp-block-image size-large"><img loading="lazy" decoding="async" width="1024" height="768" src="http://lesbullesdelabaie.com/saintrevert/wp-content/uploads/sites/8/2025/02/spa4-1024x768.jpg" alt="" class="wp-image-908" srcset="https://lesbullesdelabaie.com/saintrevert/wp-content/uploads/sites/8/2025/02/spa4-1024x768.jpg 1024w, https://lesbullesdelabaie.com/saintrevert/wp-content/uploads/sites/8/2025/02/spa4-300x225.jpg 300w, https://lesbullesdelabaie.com/saintrevert/wp-content/uploads/sites/8/2025/02/spa4-768x576.jpg 768w, https://lesbullesdelabaie.com/saintrevert/wp-content/uploads/sites/8/2025/02/spa4-1536x1152.jpg 1536w, https://lesbullesdelabaie.com/saintrevert/wp-content/uploads/sites/8/2025/02/spa4-1020x765.jpg 1020w, https://lesbullesdelabaie.com/saintrevert/wp-content/uploads/sites/8/2025/02/spa4.jpg 1600w" sizes="auto, (max-width: 1024px) 100vw, 1024px" /></figure>



<p>Découvrez <strong>Le Saint-Revert</strong>, un gîte de caractère pour <strong>4 personnes</strong>, situé à <strong>Roz-sur-Couesnon</strong>, entre <strong>Saint-Malo et le Mont-Saint-Michel</strong>.<br>Entièrement rénové avec soin, ce gîte allie le <strong>charme de la pierre</strong> à des <strong>prestations de qualité</strong>, dans un environnement calme et reposant. Une attention particulière est portée à la <strong>propreté et à l’hygiène</strong>, afin de vous garantir un séjour serein dès votre arrivée.</p>



<blockquote class="wp-block-quote is-layout-flow wp-block-quote-is-layout-flow">
<p>Le gîte se compose de <strong>deux chambres confortables</strong>, chacune pensée pour votre bien-être avec chacune un lit king size de 180 x 200, ainsi que de <strong>deux salles d’eau avec douche</strong>, offrant un confort optimal, notamment pour les séjours à deux couples ou en famille.<br>La <strong>cuisine de qualité</strong>, moderne et <strong>parfaitement équipée</strong>, vous permet de cuisiner facilement comme à la maison, que ce soit pour un petit-déjeuner tranquille ou un dîner après une journée de découverte.</p>
</blockquote>



<blockquote class="wp-block-quote is-layout-flow wp-block-quote-is-layout-flow">
<p>Véritable atout du Saint-Revert : un <strong>spa intérieur privatif 5 places</strong>, accessible en illimité. Haut de gamme, il est équipé d’un <strong>système de régulation automatique du pH et du chlore</strong>, garantissant une <strong>qualité d’eau optimale</strong> et un confort d’utilisation exceptionnel, été comme hiver. Un <strong>jardin privatif</strong> complète l’ensemble pour profiter pleinement des beaux jours.</p>
</blockquote>



<blockquote class="wp-block-quote is-layout-flow wp-block-quote-is-layout-flow">
<p>À seulement <strong>10 km du Mont-Saint-Michel</strong>, Le Saint-Revert bénéficie d’un emplacement idéal pour découvrir les incontournables de la région : <strong>Cancale, Saint-Malo, Dinard, Dinan, la baie du Mont-Saint-Michel, Dol-de-Bretagne</strong>, ainsi que les sentiers côtiers du <strong>GR34</strong>.</p>
</blockquote>



<blockquote class="wp-block-quote is-layout-flow wp-block-quote-is-layout-flow">
<p>Que ce soit pour un <strong>week-end en amoureux</strong>, une <strong>parenthèse bien-être</strong>, ou des <strong>vacances en famille</strong>, Le Saint-Revert vous offre un cadre privilégié mêlant <strong>confort, qualité et détente</strong>.<br><strong>Réservez dès maintenant</strong> et offrez-vous une expérience authentique et ressourçante en Bretagne.</p>
</blockquote>



<p><strong>Contactez Béatrice et Julien</strong> au <strong>06 49 80 18 57</strong> ou par mail à <strong><a>lesbullesdelabaie@gmail.com</a></strong> pour plus d’informations ou pour réserver votre séjour.</p>

<p>Bienvenue sur le site du gîte « Le Saint Revert » Situé à Roz-sur-Couesnon. «&nbsp;Entre Saint Malo et le Mont Saint Michel&nbsp;» Gîte pour 4 personnes avec SPA privatif, 2 chambres Découvrez Le Saint-Revert, un gîte de caractère pour 4 personnes, situé à Roz-sur-Couesnon, entre Saint-Malo et le Mont-Saint-Michel.Entièrement rénové avec soin, ce gîte allie [&hellip;]</p>
